{"id":2473,"date":"2022-01-30T22:33:08","date_gmt":"2022-01-30T22:33:08","guid":{"rendered":"https:\/\/20212024.balancan.gob.mx\/blog\/?page_id=2473"},"modified":"2022-02-01T00:47:21","modified_gmt":"2022-02-01T00:47:21","slug":"estacion-de-investigacion-primatologica-y-vida-silvestre","status":"publish","type":"page","link":"https:\/\/20212024.balancan.gob.mx\/blog\/estacion-de-investigacion-primatologica-y-vida-silvestre\/","title":{"rendered":"Estaci\u00f3n de Investigaci\u00f3n Primatol\u00f3gica y Vida Silvestre."},"content":{"rendered":"\t\t<div data-elementor-type=\"wp-page\" data-elementor-id=\"2473\" class=\"elementor elementor-2473\">\n\t\t\t\t\t\t<section class=\"elementor-section elementor-top-section elementor-element elementor-element-d4cf064 elementor-section-boxed elementor-section-height-default elementor-section-height-default\" data-id=\"d4cf064\" data-element_type=\"section\" data-e-type=\"section\">\n\t\t\t\t\t\t<div class=\"elementor-container elementor-column-gap-default\">\n\t\t\t\t\t<div class=\"elementor-column elementor-col-100 elementor-top-column elementor-element elementor-element-0ab03be\" data-id=\"0ab03be\" data-element_type=\"column\" data-e-type=\"column\" data-settings=\"{&quot;background_background&quot;:&quot;classic&quot;}\">\n\t\t\t<div class=\"elementor-widget-wrap elementor-element-populated\">\n\t\t\t\t\t\t<section class=\"elementor-section elementor-inner-section elementor-element elementor-element-931335c elementor-section-boxed elementor-section-height-default elementor-section-height-default\" data-id=\"931335c\" data-element_type=\"section\" data-e-type=\"section\">\n\t\t\t\t\t\t<div class=\"elementor-container elementor-column-gap-default\">\n\t\t\t\t\t<div class=\"elementor-column elementor-col-33 elementor-inner-column elementor-element elementor-element-d7662eb\" data-id=\"d7662eb\" data-element_type=\"column\" data-e-type=\"column\" data-settings=\"{&quot;background_background&quot;:&quot;classic&quot;}\">\n\t\t\t<div class=\"elementor-widget-wrap\">\n\t\t\t\t\t\t\t<\/div>\n\t\t<\/div>\n\t\t\t\t<div class=\"elementor-column elementor-col-33 elementor-inner-column elementor-element elementor-element-9964464\" data-id=\"9964464\" data-element_type=\"column\" data-e-type=\"column\" data-settings=\"{&quot;background_background&quot;:&quot;classic&quot;}\">\n\t\t\t<div class=\"elementor-widget-wrap\">\n\t\t\t\t\t\t\t<\/div>\n\t\t<\/div>\n\t\t\t\t<div class=\"elementor-column elementor-col-33 elementor-inner-column elementor-element elementor-element-691a105\" data-id=\"691a105\" data-element_type=\"column\" data-e-type=\"column\" data-settings=\"{&quot;background_background&quot;:&quot;classic&quot;}\">\n\t\t\t<div class=\"elementor-widget-wrap\">\n\t\t\t\t\t\t\t<\/div>\n\t\t<\/div>\n\t\t\t\t\t<\/div>\n\t\t<\/section>\n\t\t\t\t<div class=\"elementor-element elementor-element-547284f elementor-widget elementor-widget-heading\" data-id=\"547284f\" data-element_type=\"widget\" data-e-type=\"widget\" data-widget_type=\"heading.default\">\n\t\t\t\t<div class=\"elementor-widget-container\">\n\t\t\t\t\t<h5 class=\"elementor-heading-title elementor-size-default\">NOTICIAS<\/h5>\t\t\t\t<\/div>\n\t\t\t\t<\/div>\n\t\t\t\t\t<\/div>\n\t\t<\/div>\n\t\t\t\t\t<\/div>\n\t\t<\/section>\n\t\t\t\t<section class=\"elementor-section elementor-top-section elementor-element elementor-element-bc14663 elementor-section-boxed elementor-section-height-default elementor-section-height-default\" data-id=\"bc14663\" data-element_type=\"section\" data-e-type=\"section\">\n\t\t\t\t\t\t<div class=\"elementor-container elementor-column-gap-default\">\n\t\t\t\t\t<div class=\"elementor-column elementor-col-100 elementor-top-column elementor-element elementor-element-ef0e4dd\" data-id=\"ef0e4dd\" data-element_type=\"column\" data-e-type=\"column\" data-settings=\"{&quot;background_background&quot;:&quot;classic&quot;}\">\n\t\t\t<div class=\"elementor-widget-wrap\">\n\t\t\t\t\t\t\t<\/div>\n\t\t<\/div>\n\t\t\t\t\t<\/div>\n\t\t<\/section>\n\t\t\t\t<section class=\"elementor-section elementor-top-section elementor-element elementor-element-a2e03fe elementor-section-boxed elementor-section-height-default elementor-section-height-default\" data-id=\"a2e03fe\" data-element_type=\"section\" data-e-type=\"section\">\n\t\t\t\t\t\t<div class=\"elementor-container elementor-column-gap-default\">\n\t\t\t\t\t<div class=\"elementor-column elementor-col-100 elementor-top-column elementor-element elementor-element-ccc48af\" data-id=\"ccc48af\" data-element_type=\"column\" data-e-type=\"column\">\n\t\t\t<div class=\"elementor-widget-wrap elementor-element-populated\">\n\t\t\t\t\t\t<div class=\"elementor-element elementor-element-ca81404 elementor-widget elementor-widget-spacer\" data-id=\"ca81404\" data-element_type=\"widget\" data-e-type=\"widget\" data-widget_type=\"spacer.default\">\n\t\t\t\t<div class=\"elementor-widget-container\">\n\t\t\t\t\t\t\t<div class=\"elementor-spacer\">\n\t\t\t<div class=\"elementor-spacer-inner\"><\/div>\n\t\t<\/div>\n\t\t\t\t\t\t<\/div>\n\t\t\t\t<\/div>\n\t\t\t\t<div class=\"elementor-element elementor-element-f4853e1 elementor-widget elementor-widget-image\" data-id=\"f4853e1\" data-element_type=\"widget\" data-e-type=\"widget\" data-widget_type=\"image.default\">\n\t\t\t\t<div class=\"elementor-widget-container\">\n\t\t\t\t\t\t\t\t\t\t\t\t\t\t\t<img fetchpriority=\"high\" decoding=\"async\" width=\"1024\" height=\"436\" src=\"https:\/\/20212024.balancan.gob.mx\/blog\/wp-content\/uploads\/2022\/02\/IMAGEN-MONOS-1-1024x436.jpg\" class=\"attachment-large size-large wp-image-2492\" alt=\"\" srcset=\"https:\/\/20212024.balancan.gob.mx\/blog\/wp-content\/uploads\/2022\/02\/IMAGEN-MONOS-1-1024x436.jpg 1024w, https:\/\/20212024.balancan.gob.mx\/blog\/wp-content\/uploads\/2022\/02\/IMAGEN-MONOS-1-300x128.jpg 300w, https:\/\/20212024.balancan.gob.mx\/blog\/wp-content\/uploads\/2022\/02\/IMAGEN-MONOS-1-768x327.jpg 768w, https:\/\/20212024.balancan.gob.mx\/blog\/wp-content\/uploads\/2022\/02\/IMAGEN-MONOS-1-1536x655.jpg 1536w, https:\/\/20212024.balancan.gob.mx\/blog\/wp-content\/uploads\/2022\/02\/IMAGEN-MONOS-1-2048x873.jpg 2048w\" sizes=\"(max-width: 1024px) 100vw, 1024px\" \/>\t\t\t\t\t\t\t\t\t\t\t\t\t\t\t<\/div>\n\t\t\t\t<\/div>\n\t\t\t\t\t<\/div>\n\t\t<\/div>\n\t\t\t\t\t<\/div>\n\t\t<\/section>\n\t\t\t\t<section class=\"elementor-section elementor-top-section elementor-element elementor-element-e56261b elementor-section-boxed elementor-section-height-default elementor-section-height-default\" data-id=\"e56261b\" data-element_type=\"section\" data-e-type=\"section\">\n\t\t\t\t\t\t<div class=\"elementor-container elementor-column-gap-default\">\n\t\t\t\t\t<div class=\"elementor-column elementor-col-100 elementor-top-column elementor-element elementor-element-01cc7f1\" data-id=\"01cc7f1\" data-element_type=\"column\" data-e-type=\"column\">\n\t\t\t<div class=\"elementor-widget-wrap elementor-element-populated\">\n\t\t\t\t\t\t<div class=\"elementor-element elementor-element-4813e03 elementor-widget elementor-widget-text-editor\" data-id=\"4813e03\" data-element_type=\"widget\" data-e-type=\"widget\" data-widget_type=\"text-editor.default\">\n\t\t\t\t<div class=\"elementor-widget-container\">\n\t\t\t\t\t\t\t\t\t<div class=\"directorio\"><h6 style=\"text-align: center;\"><strong>Estaci\u00f3n de Investigaci\u00f3n Primatol\u00f3gica y Vida Silvestre.<\/strong><\/h6><\/div>\t\t\t\t\t\t\t\t<\/div>\n\t\t\t\t<\/div>\n\t\t\t\t\t<\/div>\n\t\t<\/div>\n\t\t\t\t\t<\/div>\n\t\t<\/section>\n\t\t\t\t<section class=\"elementor-section elementor-top-section elementor-element elementor-element-9e4e4ce elementor-section-boxed elementor-section-height-default elementor-section-height-default\" data-id=\"9e4e4ce\" data-element_type=\"section\" data-e-type=\"section\">\n\t\t\t\t\t\t<div class=\"elementor-container elementor-column-gap-default\">\n\t\t\t\t\t<div class=\"elementor-column elementor-col-100 elementor-top-column elementor-element elementor-element-fdcbb20\" data-id=\"fdcbb20\" data-element_type=\"column\" data-e-type=\"column\">\n\t\t\t<div class=\"elementor-widget-wrap elementor-element-populated\">\n\t\t\t\t\t\t<div class=\"elementor-element elementor-element-eb98af5 elementor-widget elementor-widget-text-editor\" data-id=\"eb98af5\" data-element_type=\"widget\" data-e-type=\"widget\" data-widget_type=\"text-editor.default\">\n\t\t\t\t<div class=\"elementor-widget-container\">\n\t\t\t\t\t\t\t\t\t<p><span style=\"color: #cbad53;\"><br \/><span style=\"color: #cbad53;\">La Estaci\u00f3n de Investigaci\u00f3n Primatol\u00f3gica y Vida Silvestre es un espacio para la Investigaci\u00f3n orientada a la educaci\u00f3n, recreaci\u00f3n y conservaci\u00f3n.<br \/>Cuyo objetivo es contribuir a los esfuerzos de conservaci\u00f3n en la cuenca del R\u00edo Usumacinta, Regi\u00f3n de Los R\u00edos y desarrollar un novedoso modelo de investigaci\u00f3n-acci\u00f3n para la conservaci\u00f3n, manejo, investigaci\u00f3n y restauraci\u00f3n de la biodiversidad. Est\u00e1n trabajado en la regi\u00f3n desde el a\u00f1o 2000, produciendo informaci\u00f3n tanto en \u00e1reas protegidas y no protegidas. Adem\u00e1s de contribuir a la generaci\u00f3n de conocimiento cient\u00edfico, y la preparaci\u00f3n de estudiantes y profesionistas, involucrando a los vecinos y gente local a trav\u00e9s de actividades educativas y talleres informativos, as\u00ed como en la generaci\u00f3n de fuentes de empleo temporal y otras alternativas econ\u00f3micas.<br \/>La Estaci\u00f3n de Investigaci\u00f3n Primatol\u00f3gica se encuentra aproximadamente a 30 minutos de la cabecera municipal de Balanc\u00e1n. Saliendo por la carretera Balanc\u00e1n-Tulip\u00e1n, hasta la entrada a la Rancher\u00eda Laguna Colorada. Tomar el camino de terracer\u00eda, pasando por Laguna Colorada y Chancabal hasta Josefa Ortiz de Dom\u00ednguez. El trayecto es de aproximadamente 11 kil\u00f3metros. Tambi\u00e9n puede llegar por lancha, previo acuerdo, este trayecto dura aproximadamente 15minutos.<br \/>Requisitos: Para poder realizar visitas guiadas a la Estaci\u00f3n de Investigaci\u00f3n se requiere:<br \/>Antes: Agenda tu visita. Comun\u00edcate con nuestro contacto administrativo, quien te informar\u00e1 de los horarios y disponibilidad de espacio.<br \/>Durante: Usar Botas o zapato cerrado.<br \/>De preferencia usar manga larga, pantal\u00f3n, gorra y protector solar.<br \/>Atender en todo momento las indicaciones del gu\u00eda de campo de la comunidad.<br \/>Mantenerse cerca del grupo.<br \/>Al Finalizar: Recoge la basura que hayas generado y depos\u00edtala en el contenedor destinado para tal fin.<br \/>DONATIVO: $25 pesos por persona.<br \/>Con este donativo ayudas a las personas locales y contribuyes a mejorar la calidad del h\u00e1bitat de los monos aulladores. Ay\u00fadanos a conservar a esta maravillosa especie cuidando su ambiente. Al salvarlos a ellos, tambi\u00e9n te salvas t\u00fa.<br \/>Contacto: Lic. Admon. Manuel Tejero Jer\u00f3nimo Ra. Josefa Ortiz de Dom\u00ednguez Balanc\u00e1n, Tabasco, M\u00e9xico Celular: 934 101 02 45<br \/>Dr. Juan Carlos Serio-Silva Dra. Francisca Vidal-Garc\u00eda Coordinadores Instituto de Ecolog\u00eda A. C. Red Biolog\u00eda y Conservaci\u00f3n de Vertebrados Xalapa, Veracruz, M\u00e9xico Tel Fijo: (228) 8421843<\/span><\/span><\/p><p>\u00a0<\/p>\t\t\t\t\t\t\t\t<\/div>\n\t\t\t\t<\/div>\n\t\t\t\t\t<\/div>\n\t\t<\/div>\n\t\t\t\t\t<\/div>\n\t\t<\/section>\n\t\t\t\t<section class=\"elementor-section elementor-top-section elementor-element elementor-element-81e59f0 elementor-section-boxed elementor-section-height-default elementor-section-height-default\" data-id=\"81e59f0\" data-element_type=\"section\" data-e-type=\"section\" data-settings=\"{&quot;background_background&quot;:&quot;classic&quot;}\">\n\t\t\t\t\t\t<div class=\"elementor-container elementor-column-gap-default\">\n\t\t\t\t\t<div class=\"elementor-column elementor-col-25 elementor-top-column elementor-element elementor-element-e18dfd7\" data-id=\"e18dfd7\" data-element_type=\"column\" data-e-type=\"column\">\n\t\t\t<div class=\"elementor-widget-wrap elementor-element-populated\">\n\t\t\t\t\t\t<div class=\"elementor-element elementor-element-66f0380 elementor-widget elementor-widget-image\" data-id=\"66f0380\" data-element_type=\"widget\" data-e-type=\"widget\" data-widget_type=\"image.default\">\n\t\t\t\t<div class=\"elementor-widget-container\">\n\t\t\t\t\t\t\t\t\t\t\t\t\t\t\t<img decoding=\"async\" width=\"668\" height=\"1024\" src=\"https:\/\/20212024.balancan.gob.mx\/blog\/wp-content\/uploads\/2021\/12\/LOGO-BN.png\" class=\"attachment-large size-large wp-image-935\" alt=\"\" \/>\t\t\t\t\t\t\t\t\t\t\t\t\t\t\t<\/div>\n\t\t\t\t<\/div>\n\t\t\t\t<div class=\"elementor-element elementor-element-3fc7d57 elementor-widget elementor-widget-text-editor\" data-id=\"3fc7d57\" data-element_type=\"widget\" data-e-type=\"widget\" data-widget_type=\"text-editor.default\">\n\t\t\t\t<div class=\"elementor-widget-container\">\n\t\t\t\t\t\t\t\t\t<p>Calle Melchor Ocampo S\/N. Col. Centro. C.P. 86930, Balanc\u00e1n, Tabasco. Tel. (934) 344 0138<\/p>\t\t\t\t\t\t\t\t<\/div>\n\t\t\t\t<\/div>\n\t\t\t\t\t<\/div>\n\t\t<\/div>\n\t\t\t\t<div class=\"elementor-column elementor-col-25 elementor-top-column elementor-element elementor-element-1ee7388\" data-id=\"1ee7388\" data-element_type=\"column\" data-e-type=\"column\">\n\t\t\t<div class=\"elementor-widget-wrap elementor-element-populated\">\n\t\t\t\t\t\t<div class=\"elementor-element elementor-element-5af6eaf elementor-widget elementor-widget-spacer\" data-id=\"5af6eaf\" data-element_type=\"widget\" data-e-type=\"widget\" data-widget_type=\"spacer.default\">\n\t\t\t\t<div class=\"elementor-widget-container\">\n\t\t\t\t\t\t\t<div class=\"elementor-spacer\">\n\t\t\t<div class=\"elementor-spacer-inner\"><\/div>\n\t\t<\/div>\n\t\t\t\t\t\t<\/div>\n\t\t\t\t<\/div>\n\t\t\t\t<div class=\"elementor-element elementor-element-6de0da5 elementor-widget elementor-widget-image\" data-id=\"6de0da5\" data-element_type=\"widget\" data-e-type=\"widget\" data-widget_type=\"image.default\">\n\t\t\t\t<div class=\"elementor-widget-container\">\n\t\t\t\t\t\t\t\t\t\t\t\t\t\t\t\t<a href=\"https:\/\/consultapublicamx.inai.org.mx\/vut-web\/faces\/view\/consultaPublica.xhtml?idEntidad=Mjc=&#038;idSujetoObligado=NTA5Ng==\">\n\t\t\t\t\t\t\t<img decoding=\"async\" width=\"152\" height=\"96\" src=\"https:\/\/20212024.balancan.gob.mx\/blog\/wp-content\/uploads\/2021\/12\/logo_plataforma_nacional_transparencia.png\" class=\"attachment-large size-large wp-image-944\" alt=\"\" \/>\t\t\t\t\t\t\t\t<\/a>\n\t\t\t\t\t\t\t\t\t\t\t\t\t\t\t<\/div>\n\t\t\t\t<\/div>\n\t\t\t\t\t<\/div>\n\t\t<\/div>\n\t\t\t\t<div class=\"elementor-column elementor-col-25 elementor-top-column elementor-element elementor-element-59c900d\" data-id=\"59c900d\" data-element_type=\"column\" data-e-type=\"column\">\n\t\t\t<div class=\"elementor-widget-wrap elementor-element-populated\">\n\t\t\t\t\t\t<div class=\"elementor-element elementor-element-084e427 elementor-widget elementor-widget-spacer\" data-id=\"084e427\" data-element_type=\"widget\" data-e-type=\"widget\" data-widget_type=\"spacer.default\">\n\t\t\t\t<div class=\"elementor-widget-container\">\n\t\t\t\t\t\t\t<div class=\"elementor-spacer\">\n\t\t\t<div class=\"elementor-spacer-inner\"><\/div>\n\t\t<\/div>\n\t\t\t\t\t\t<\/div>\n\t\t\t\t<\/div>\n\t\t\t\t<div class=\"elementor-element elementor-element-5050120 elementor-widget elementor-widget-image\" data-id=\"5050120\" data-element_type=\"widget\" data-e-type=\"widget\" data-widget_type=\"image.default\">\n\t\t\t\t<div class=\"elementor-widget-container\">\n\t\t\t\t\t\t\t\t\t\t\t\t\t\t\t\t<a href=\"https:\/\/home.inai.org.mx\/\">\n\t\t\t\t\t\t\t<img loading=\"lazy\" decoding=\"async\" width=\"152\" height=\"96\" src=\"https:\/\/20212024.balancan.gob.mx\/blog\/wp-content\/uploads\/2021\/12\/logo_inai.png\" class=\"attachment-large size-large wp-image-945\" alt=\"\" \/>\t\t\t\t\t\t\t\t<\/a>\n\t\t\t\t\t\t\t\t\t\t\t\t\t\t\t<\/div>\n\t\t\t\t<\/div>\n\t\t\t\t\t<\/div>\n\t\t<\/div>\n\t\t\t\t<div class=\"elementor-column elementor-col-25 elementor-top-column elementor-element elementor-element-08c55ca\" data-id=\"08c55ca\" data-element_type=\"column\" data-e-type=\"column\">\n\t\t\t<div class=\"elementor-widget-wrap elementor-element-populated\">\n\t\t\t\t\t\t<div class=\"elementor-element elementor-element-e7926b7 elementor-widget elementor-widget-spacer\" data-id=\"e7926b7\" data-element_type=\"widget\" data-e-type=\"widget\" data-widget_type=\"spacer.default\">\n\t\t\t\t<div class=\"elementor-widget-container\">\n\t\t\t\t\t\t\t<div class=\"elementor-spacer\">\n\t\t\t<div class=\"elementor-spacer-inner\"><\/div>\n\t\t<\/div>\n\t\t\t\t\t\t<\/div>\n\t\t\t\t<\/div>\n\t\t\t\t<div class=\"elementor-element elementor-element-6b61b70 elementor-widget elementor-widget-image\" data-id=\"6b61b70\" data-element_type=\"widget\" data-e-type=\"widget\" data-widget_type=\"image.default\">\n\t\t\t\t<div class=\"elementor-widget-container\">\n\t\t\t\t\t\t\t\t\t\t\t\t\t\t\t\t<a href=\"http:\/\/www.itaip.org.mx\/\">\n\t\t\t\t\t\t\t<img loading=\"lazy\" decoding=\"async\" width=\"152\" height=\"96\" src=\"https:\/\/20212024.balancan.gob.mx\/blog\/wp-content\/uploads\/2021\/12\/logo_itaip.png\" class=\"attachment-large size-large wp-image-946\" alt=\"\" \/>\t\t\t\t\t\t\t\t<\/a>\n\t\t\t\t\t\t\t\t\t\t\t\t\t\t\t<\/div>\n\t\t\t\t<\/div>\n\t\t\t\t\t<\/div>\n\t\t<\/div>\n\t\t\t\t\t<\/div>\n\t\t<\/section>\n\t\t\t\t<\/div>\n\t\t","protected":false},"excerpt":{"rendered":"<p>NOTICIAS Estaci\u00f3n de Investigaci\u00f3n Primatol\u00f3gica y Vida Silvestre. La Estaci\u00f3n de Investigaci\u00f3n Primatol\u00f3gica y Vida Silvestre es un espacio para la Investigaci\u00f3n orientada a la educaci\u00f3n, recreaci\u00f3n y conservaci\u00f3n.Cuyo objetivo es contribuir a los esfuerzos de conservaci\u00f3n en la cuenca del R\u00edo Usumacinta, Regi\u00f3n de Los R\u00edos y desarrollar un novedoso modelo de investigaci\u00f3n-acci\u00f3n para [&hellip;]<\/p>\n","protected":false},"author":1,"featured_media":0,"parent":0,"menu_order":0,"comment_status":"closed","ping_status":"closed","template":"","meta":{"site-sidebar-layout":"no-sidebar","site-content-layout":"page-builder","ast-site-content-layout":"default","site-content-style":"default","site-sidebar-style":"default","ast-global-header-display":"","ast-banner-title-visibility":"","ast-main-header-display":"","ast-hfb-above-header-display":"","ast-hfb-below-header-display":"","ast-hfb-mobile-header-display":"","site-post-title":"disabled","ast-breadcrumbs-content":"disabled","ast-featured-img":"disabled","footer-sml-layout":"","ast-disable-related-posts":"","theme-transparent-header-meta":"default","adv-header-id-meta":"","stick-header-meta":"","header-above-stick-meta":"","header-main-stick-meta":"","header-below-stick-meta":"","astra-migrate-meta-layouts":"default","ast-page-background-enabled":"default","ast-page-background-meta":{"desktop":{"background-color":"","background-image":"","background-repeat":"repeat","background-position":"center center","background-size":"auto","background-attachment":"scroll","background-type":"","background-media":"","overlay-type":"","overlay-color":"","overlay-opacity":"","overlay-gradient":""},"tablet":{"background-color":"","background-image":"","background-repeat":"repeat","background-position":"center center","background-size":"auto","background-attachment":"scroll","background-type":"","background-media":"","overlay-type":"","overlay-color":"","overlay-opacity":"","overlay-gradient":""},"mobile":{"background-color":"","background-image":"","background-repeat":"repeat","background-position":"center center","background-size":"auto","background-attachment":"scroll","background-type":"","background-media":"","overlay-type":"","overlay-color":"","overlay-opacity":"","overlay-gradient":""}},"ast-content-background-meta":{"desktop":{"background-color":"var(--ast-global-color-5)","background-image":"","background-repeat":"repeat","background-position":"center center","background-size":"auto","background-attachment":"scroll","background-type":"","background-media":"","overlay-type":"","overlay-color":"","overlay-opacity":"","overlay-gradient":""},"tablet":{"background-color":"var(--ast-global-color-5)","background-image":"","background-repeat":"repeat","background-position":"center center","background-size":"auto","background-attachment":"scroll","background-type":"","background-media":"","overlay-type":"","overlay-color":"","overlay-opacity":"","overlay-gradient":""},"mobile":{"background-color":"var(--ast-global-color-5)","background-image":"","background-repeat":"repeat","background-position":"center center","background-size":"auto","background-attachment":"scroll","background-type":"","background-media":"","overlay-type":"","overlay-color":"","overlay-opacity":"","overlay-gradient":""}},"footnotes":""},"class_list":["post-2473","page","type-page","status-publish","hentry"],"_links":{"self":[{"href":"https:\/\/20212024.balancan.gob.mx\/blog\/wp-json\/wp\/v2\/pages\/2473","targetHints":{"allow":["GET"]}}],"collection":[{"href":"https:\/\/20212024.balancan.gob.mx\/blog\/wp-json\/wp\/v2\/pages"}],"about":[{"href":"https:\/\/20212024.balancan.gob.mx\/blog\/wp-json\/wp\/v2\/types\/page"}],"author":[{"embeddable":true,"href":"https:\/\/20212024.balancan.gob.mx\/blog\/wp-json\/wp\/v2\/users\/1"}],"replies":[{"embeddable":true,"href":"https:\/\/20212024.balancan.gob.mx\/blog\/wp-json\/wp\/v2\/comments?post=2473"}],"version-history":[{"count":16,"href":"https:\/\/20212024.balancan.gob.mx\/blog\/wp-json\/wp\/v2\/pages\/2473\/revisions"}],"predecessor-version":[{"id":2495,"href":"https:\/\/20212024.balancan.gob.mx\/blog\/wp-json\/wp\/v2\/pages\/2473\/revisions\/2495"}],"wp:attachment":[{"href":"https:\/\/20212024.balancan.gob.mx\/blog\/wp-json\/wp\/v2\/media?parent=2473"}],"curies":[{"name":"wp","href":"https:\/\/api.w.org\/{rel}","templated":true}]}}